{"id":618,"date":"2024-04-17T15:39:46","date_gmt":"2024-04-17T13:39:46","guid":{"rendered":"https:\/\/cralasabina.catedu.es\/?page_id=618"},"modified":"2024-04-24T15:18:36","modified_gmt":"2024-04-24T13:18:36","slug":"fotogaleria","status":"publish","type":"page","link":"https:\/\/cralasabina.catedu.es\/?page_id=618","title":{"rendered":"FOTOGALER\u00cdA"},"content":{"rendered":"\n<p><a href=\"https:\/\/drive.google.com\/drive\/folders\/1kip_bbzWB1q3nFTx0gpEhHneoMG06sBr\">Inicio de curso<\/a><\/p>\n\n\n\n<p><a href=\"https:\/\/drive.google.com\/drive\/folders\/1ER19iwarVym5wxyF0LtmTS95RTy4_BE0?usp=sharing\">Halloween<\/a><\/p>\n\n\n\n<p><a href=\"https:\/\/drive.google.com\/drive\/folders\/13gRaIPwaIQeJa-LTQ4HEAQBI9Q5fAjm4?usp=drive_link\">Convivencia Frula<\/a><\/p>\n\n\n\n<p><a href=\"https:\/\/drive.google.com\/drive\/folders\/1JZu1vzVFmSo9DIej_pB_YsKQkKKzc51w?usp=sharing\">Excursi\u00f3n Planetario<\/a><\/p>\n\n\n\n<p><a href=\"https:\/\/drive.google.com\/drive\/folders\/1Kks-iuA1SUNEhEGvWElfNFZc1gTxzpl0?usp=sharing\">CRIEZ<\/a><\/p>\n\n\n\n<p><a href=\"https:\/\/drive.google.com\/drive\/folders\/1My-Z-HnZdtYrhiKgasSaFPF8ENAO1wEQ?usp=sharing\">D\u00eda de la Paz<\/a><\/p>\n\n\n\n<p><a href=\"https:\/\/drive.google.com\/drive\/folders\/1hXo7Ia7hafrDYC8_da98VGS-HtHqGl1H?usp=sharing\">Carnaval<\/a><\/p>\n\n\n\n<p><a href=\"https:\/\/drive.google.com\/drive\/folders\/1y37R02ewEM3FXyoT0zhK74jF0tBx25yv?usp=sharing\">Convivencia Montesus\u00edn <\/a><\/p>\n\n\n\n<p><a href=\"https:\/\/drive.google.com\/drive\/folders\/1yr7RZbkNRfBdD1fJSrA_AORZRT4nEGuI?usp=drive_link\">D\u00eda del Libro y San Jorge<\/a><\/p>\n\n\n\n<p><a href=\"https:\/\/drive.google.com\/drive\/folders\/1tUX0bekU04W35ONZ1FgCOHgnrYlrmibC?usp=sharing\">El d\u00eda a d\u00eda en nuestro CRA<\/a><\/p>\n","protected":false},"excerpt":{"rendered":"<p>Inicio de curso Halloween Convivencia Frula Excursi\u00f3n Planetario CRIEZ D\u00eda de la Paz Carnaval Convivencia Montesus\u00edn D\u00eda del Libro y San Jorge El d\u00eda a d\u00eda en nuestro CRA<\/p>\n","protected":false},"author":838,"featured_media":0,"parent":0,"menu_order":0,"comment_status":"closed","ping_status":"closed","template":"","meta":{"_monsterinsights_skip_tracking":false,"_monsterinsights_sitenote_active":false,"_monsterinsights_sitenote_note":"","_monsterinsights_sitenote_category":0,"footnotes":""},"class_list":["post-618","page","type-page","status-publish","hentry"],"_links":{"self":[{"href":"https:\/\/cralasabina.catedu.es\/index.php?rest_route=\/wp\/v2\/pages\/618","targetHints":{"allow":["GET"]}}],"collection":[{"href":"https:\/\/cralasabina.catedu.es\/index.php?rest_route=\/wp\/v2\/pages"}],"about":[{"href":"https:\/\/cralasabina.catedu.es\/index.php?rest_route=\/wp\/v2\/types\/page"}],"author":[{"embeddable":true,"href":"https:\/\/cralasabina.catedu.es\/index.php?rest_route=\/wp\/v2\/users\/838"}],"replies":[{"embeddable":true,"href":"https:\/\/cralasabina.catedu.es\/index.php?rest_route=%2Fwp%2Fv2%2Fcomments&post=618"}],"version-history":[{"count":7,"href":"https:\/\/cralasabina.catedu.es\/index.php?rest_route=\/wp\/v2\/pages\/618\/revisions"}],"predecessor-version":[{"id":1259,"href":"https:\/\/cralasabina.catedu.es\/index.php?rest_route=\/wp\/v2\/pages\/618\/revisions\/1259"}],"wp:attachment":[{"href":"https:\/\/cralasabina.catedu.es\/index.php?rest_route=%2Fwp%2Fv2%2Fmedia&parent=618"}],"curies":[{"name":"wp","href":"https:\/\/api.w.org\/{rel}","templated":true}]}}